89?
True
Is 591 a factor of 10112601?
True
Is 162 a factor of 62834?
False
Is 174 a factor of 2293369?
False
Is 2124191 a multiple of 16?
False
Is 26 a factor of 4204694?
True
Is 57750 a multiple of 21?
True
Does 321 divide 126409?
False
Is 14 a factor of 165844?
True
Is 813 a factor of 221387?
False
Does 34 divide 311916?
True
Is 561678 a multiple of 286?
False
Is 641633 a multiple of 108?
False
Is 224775 a multiple of 45?
True
Is 635112 a multiple of 127?
False
Is 2277555 a multiple of 21?
True
Is 72 a factor of 2075389?
False
Does 42 divide 303156?
True
Does 22 divide 98089?
False
Does 9 divide 27729?
True
Is 26 a factor of 478091?
False
Is 216171 a multiple of 12?
False
Is 20 a factor of 33684?
False
Is 295 a factor of 167855?
True
Is 74523 a multiple of 166?
False
Does 23 divide 931040?
True
Is 133 a factor of 141379?
True
Does 51 divide 26722?
False
Is 141125 a multiple of 3?
False
Is 145425 a multiple of 277?
True
Is 362715 a multiple of 13?
False
Does 61 divide 370270?
True
Is 72 a factor of 88920?
True
Is 48070 a multiple of 5?
True
Is 29 a factor of 29342871?
False
Is 85 a factor of 34425?
True
Is 317046 a multiple of 74?
False
Is 23 a factor of 3406503?
False
Is 98265 a multiple of 6?
False
Is 386 a factor of 948016?
True
Does 11 divide 36322?
True
Is 23 a factor of 389321?
True
Is 6 a factor of 76278?
True
Is 459126 a multiple of 18?
True
Does 1164 divide 1522802?
False
Is 92160 a multiple of 30?
True
Is 141603 a multiple of 77?
True
Is 21 a factor of 7747908?
True
Does 34 divide 197085?
False
Is 125244 a multiple of 42?
True
Is 7 a factor of 446216?
False
Is 319924 a multiple of 242?
True
Is 6 a factor of 49578?
True
Is 83677 a multiple of 11?
True
Is 6206717 a multiple of 13?
False
Is 5526588 a multiple of 134?
False
Is 2138536 a multiple of 139?
False
Is 1639 a factor of 802341?
False
Is 9 a factor of 1151280?
True
Is 48 a factor of 60624?
True
Is 16488 a multiple of 9?
True
Is 22 a factor of 1891690?
False
Is 12442998 a multiple of 78?
False
Is 1206212 a multiple of 92?
True
Is 214 a factor of 7671686?
True
Does 20 divide 762240?
True
Does 3 divide 140922?
True
Does 14 divide 16217863?
False
Is 1448370 a multiple of 42?
True
Does 9 divide 665820?
True
Does 601 divide 1610545?
False
Is 4502960 a multiple of 140?
True
Is 1465452 a multiple of 9?
True
Does 1244 divide 104905?
False
Is 252 a factor of 1169532?
True
Does 4 divide 309447?
False
Is 821394 a multiple of 14?
True
Is 155 a factor of 65970?
False
Is 33 a factor of 360723?
True
Does 3 divide 867220?
False
Is 218 a factor of 3157948?
True
Is 2563955 a multiple of 137?
True
Is 3 a factor of 66000?
True
Is 33 a factor of 8613?
True
Is 5331930 a multiple of 61?
False
Is 25 a factor of 170200?
True
Is 9 a factor of 223758?
True
Is 2488587 a multiple of 436?
False
Does 238 divide 550494?
True
Is 5481224 a multiple of 1075?
False
Is 303892 a multiple of 34?
True
Does 461 divide 15978734?
False
Does 12 divide 561114?
False
Is 7 a factor of 3984995?
True
Does 18 divide 15948?
True
Is 21 a factor of 2139?
False
Does 4 divide 30656?
True
Does 328 divide 6271041?
False
Is 486 a factor of 3172153?
False
Does 39 divide 978510?
True
Is 3660664 a multiple of 131?
True
Does 48 divide 2474718?
False
Is 465 a factor of 7628790?
True
Is 1560 a multiple of 26?
True
Does 131 divide 13173753?
True
Is 1657173 a multiple of 219?
True
Is 6291168 a multiple of 104?
True
Is 2246488 a multiple of 11?
False
Is 21 a factor of 402479?
False
Is 470594 a multiple of 8?
False
Is 8 a factor of 5670055?
False
Is 7 a factor of 900241?
False
Is 18 a factor of 533268?
True
Is 2967760 a multiple of 249?
False
Is 3517560 a multiple of 52?
False
Does 138 divide 7221264?
True
Is 71 a factor of 85453?
False
Is 6 a factor of 50790?
True
Is 1609410 a multiple of 20?
False
Is 26 a factor of 114107?
False
Is 59 a factor of 24582?
False
Is 2178397 a multiple of 22?
False
Does 27 divide 370764?
True
Does 25 divide 308470?
False
Is 114100 a multiple of 140?
True
Is 224 a factor of 696241?
False
Is 79 a factor of 9912?
False
Is 243177 a multiple of 10?
False
Is 445 a factor of 7016760?
True
Does 18 divide 33166?
False
Is 1290408 a multiple of 15?
False
Is 359930 a multiple of 34?
False
Is 18251004 a multiple of 1174?
True
Is 5335770 a multiple of 222?
True
Does 174 divide 308328?
True
Is 11767 a multiple of 4?
False
Is 3071304 a multiple of 12?
True
Is 75 a factor of 2372920?
False
Is 3809074 a multiple of 24?
False
Is 607 a factor of 31353175?
False
Is 13378295 a multiple of 805?
True
Is 6475200 a multiple of 304?
True
Is 24 a factor of 1050504?
True
Does 935 divide 13639141?
False
Is 17 a factor of 11348316?
True
Is 688908 a multiple of 1842?
True
Is 124 a factor of 99448?
True
Is 93 a factor of 3415604?
False
Does 9 divide 13220?
False
Is 398 a factor of 2737444?
True
Does 145 divide 643220?
True
Is 946 a factor of 1442650?
True
Is 12 a factor of 241396?
False
Does 175 divide 3921225?
True
Does 15 divide 1724132?
False
Does 5 divide 134859?
False
Is 16 a factor of 29610832?
True
Is 123 a factor of 23954747?
False
Is 50 a factor of 61950?
True
Is 114015 a multiple of 15?
True
Does 35 divide 92610?
True
Is 815 a factor of 299105?
True
Is 54795 a multiple of 39?
True
Is 6350712 a multiple of 630?
False
Does 107 divide 3988484?
False
Is 41 a factor of 50050?
False
Does 27 divide 48627?
True
Is 2856 a multiple of 34?
True
Does 206 divide 59740?
True
Is 2215366 a multiple of 149?
False
Does 114 divide 334248?
True
Does 116 divide 354649?
False
Is 9 a factor of 5778?
True
Is 380568 a multiple of 303?
True
Is 746592 a multiple of 168?
True
Is 2694384 a multiple of 44?
True
Is 233389 a multiple of 31?
False
Is 8 a factor of 1071524?
False
Is 1216800 a multiple of 80?
True
Does 41 divide 2051886?
True
Is 36 a factor of 13066668?
True
Does 259 divide 3425534?
True
Is 955231 even?
False
Is 239225 a multiple of 175?
True
Is 6 a factor of 13315?
False
Is 818070 a multiple of 55?
True
Is 193508 a multiple of 14?
True
Is 11 a factor of 260890?
False
Is 4 a factor of 243865?
False
Does 423 divide 2271510?
True
Does 1625 divide 4046205?
False
Is 54335 a multiple of 11?
False
Does 51 divide 112047?
True
Does 429 divide 5934373?
False
Is 9187923 a multiple of 186?
False
Is 3934546 a multiple of 101?
False
Is 13 a factor of 289432?
True
Does 11 divide 3500827?
True
Is 676991 a multiple of 300?
False
Does 33 divide 1170675?
True
Is 10 a factor of 193698?
False
Does 6 divide 802596?
True
Does 140 divide 4675300?
True
Is 360026 a multiple of 32?
False
Does 43 divide 161487?
False
Does 27 divide 301239?
True
Does 281 divide 34537?
False
Is 28 a factor of 2912?
True
Is 26 a factor of 108647?
False
Is 3658 a multiple of 62?
True
Does 197 divide 77163?
False
Is 150 a factor of 124839?
False
Is 17185 a multiple of 7?
True
Does 245 divide 129206?
False
Is 219834 a multiple of 26?
False
Is 3155708 a multiple of 62?
False
Is 19 a factor of 402021?
True
Is 6062108 a multiple of 135?
False
Is 165180 a multiple of 5?
True
Is 20124436 a multiple of 241?
False
Is 143 a factor of 6602500?
False
Is 5252498 a multiple of 149?
False
Does 19 divide 16342641?
True
Is 76 a factor of 314939?
False
Is 47 a factor of 225175?
False
Does 20 divide 1386340?
True
Is 105 a factor of 15239?
False
Does 16 divide 14539360?
True
Does 13 divide 971886?
False
Does 198 divide 92664?
True
Is 12 a factor of 1855800?
True
Is 867 a factor of 254898?
True
Is 242 a factor of 97526?
True
Is 2 a factor of 534574?
True
Is 78974 a multiple of 396?
False
Does 763 divide 995715?
True
Is 112 a factor of 196448?
True
Is 964172 a multiple of 34?
True
Is 11 a factor of 13396?
False
Is 75705 a multiple of 309?
True
Is 5590112 a multiple of 5?
False
Does 619 divide 5571?
True
Is 143 a factor of 289003?
True
Is 2299153 a multiple of 509?
True
Does 47 divide 1751596?
True
Is 399573 a multiple of 517?
False
Is 466038 a multiple of 48?
False
Is 1010240 a multiple of 410?
True
Does 41 divide 29439?
False
Is 5 a factor of 3446871?
False
Does 17 divide 2158150?
True
Is 13 a factor of 13189111?
True
Is 5263610 a multiple of 165?
False
Is 633 a factor of 5543661?
False
Does 16 divide 67408?
True
Is 51 a factor of 22645171?
False
Does 2 divide 366558?
True
Is 244084 a multiple of 7?
False
Does 18 divid